 is the tens digit of w?
1
Let u(n) = -2*n - 3. Let r be u(-4). Let i = 12 + r. What is the units digit of i?
7
What is the tens digit of (5 - -4*143)/(2 + -1)?
7
Let p = 7 + 12. Suppose h = -4*h - s + p, 0 = 3*h + 5*s - 7. What is the units digit of h?
4
Suppose 0 = 5*s + 13 + 17. Let o(c) = -3*c**3 + 12*c**2 - 12. Let h(v) = 2*v**3 - 11*v**2 - v + 11. Let u(r) = -4*h(r) - 3*o(r). What is the tens digit of u(s)?
4
Suppose u + 0 = -3. Let a be 27/3*(-2)/u. Suppose -36 = a*k - 8*k. What is the units digit of k?
8
Let v(x) = x**2 + 6*x - 7. Let i be v(-4). What is the hundreds digit of 4 + -69*40/i?
1
Suppose 44053 = 20*l + 8733. What is the thousands digit of l?
1
Suppose 10*d - b - 5 = 5*d, 0 = d - b - 5. Suppose -2*k + d*k + 5*n + 22 = 0, -4*n = -8. Let z = 21 + k. What is the tens digit of z?
3
Suppose 0 = -5*p, -5*p - 1370 = -2*y - 518. Suppose -y - 294 = -4*i. What is the tens digit of i?
8
Let u = 114 - 193. Suppose -3*m - o - 4 - 6 = 0, 5*o = 2*m - 16. What is the units digit of (3 + 0 + u)/m?
8
What is the tens digit of (-1 + (-2 - -6))*213?
3
Let m(v) = -5*v**2 - 12*v + 17. Let h be m(-7). Let t = -51 - h. What is the tens digit of t?
9
Let p(m) = 5*m**2 - 4. Let d be p(3). Suppose -3*b - 3 = 0, 3*l + 3*b - 166 = d. What is the tens digit of l?
7
What is the units digit of -1 + (-55)/(-45) - 8690/(-18)?
3
Let i(t) = -t**3 + 7*t**2 + t - 2. Let h = -11 - -18. Let y be i(h). Suppose 0 = -3*c + v + 33, 2*c + y*v - 39 = -0*v. What is the units digit of c?
2
Let h(a) = -3*a**3 - 2*a**2 - a - 2. Let k(b) = -2*b - 17. Let c be k(-7). What is the tens digit of h(c)?
6
Suppose 0 = -2*l - l + 24. Let r be 8*1 + l + -11. Suppose 23 = p + r. What is the tens digit of p?
1
What is the hundreds digit of (-19 - -13)*(-60)/3?
1
Let u = 4227 - 899. What is the tens digit of u?
2
Let x = 92 - 92. Suppose 14*q = -x*q + 2478. What is the tens digit of q?
7
Let t = 8 - 5. Let q(v) = -v**t + 4 + 4*v**2 - 6*v + 5*v**2 + 5. What is the units digit of q(8)?
5
Let s = -36 - -43. Suppose -46 = 6*c - s*c. What is the units digit of c?
6
Suppose y - 565 = 5*p, -3*y + 6*p + 1695 = 4*p. What is the hundreds digit of y?
5
What is the units digit of 50 + -53 - -1*1173?
0
Let x(t) = 20*t - 4 + 1 + 0. What is the units digit of x(3)?
7
Suppose -2*c + 16 = 2. Suppose -s - 1 - c = 2*l, 4*s - 33 = 5*l. Suppose 33 = s*m + m. What is the tens digit of m?
1
Let x(s) = -3*s + 2*s - 3 + s**2 - s**3 - 13*s**2 - 3*s. Let f be 13/(-1) - (-3 + 7 + -5). What is the tens digit of x(f)?
4
Let m(o) = -o**3 - 5*o**2 - 65*o + 22. What is the hundreds digit of m(-13)?
2
Let o = -167 + 407. What is the units digit of o?
0
Suppose -l + 3*p + 11 = 0, 36 - 15 = 5*l + 2*p. Suppose 0 = -l*d - 2*d + 126. What is the tens digit of d?
1
Let x be (-13)/(-3 + (-15)/(-6)). Suppose -b + x = o, -3*o + 5*b + 44 = 6. What is the tens digit of o?
2
Suppose 398 = 2*o + 4*w - 7*w, 0 = 2*o - 2*w - 396. What is the tens digit of o?
9
Suppose -4*l + 6 = -2. Let m(j) = -11 - l*j - j - 9*j**2 - j**3 - 10*j. What is the tens digit of m(-8)?
2
Let p = 19 + -24. What is the tens digit of 6*(-229)/p - (-2)/10?
7
Let j(w) = 11*w - 13. What is the tens digit of j(8)?
7
Suppose 0 = -8*v + 10*v. Suppose v*k = -6*k + 12. Suppose -r = k*r - 105. What is the tens digit of r?
3
What is the hundreds digit of ((-76)/(-16))/((-5)/(520/(-1)))?
4
Let f = -9 - 7. Let m = f - -42. What is the units digit of m?
6
Let a = -643 + 377. Let i = -182 - a. What is the tens digit of i?
8
Let n = 1439 - 1196. What is the units digit of n?
3
Let m(l) = l**2 + 9*l - 22. Let i be m(-13). Let n = 0 + 7. Suppose -n*v = -10*v + i. What is the tens digit of v?
1
Suppose 835 = 7*w - 2*w. Let l = w - 84. What is the units digit of l?
3
Suppose -7*i + 7052 = 1039. Suppose -13*u + 662 = -i. What is the tens digit of u?
1
Suppose -b = -5*j + 23, 0 = -2*j + 2*b - 3*b + 5. Suppose 4*y + j*n - 152 = 0, -4*y - n = -2*n - 157. Suppose -y = -m + 22. What is the units digit of m?
1
Let u(b) be the third derivative of -b**6/120 + 13*b**5/60 - b**4/2 + b**3/2 + 7*b**2. Let s be u(12). Suppose -164 = -s*a - a. What is the units digit of a?
1
Suppose 4*c - 290 - 604 = -2*i, c - 234 = -4*i. What is the tens digit of c?
2
Let g = -5 + 9. Suppose 7*n - 73 = g. What is the tens digit of n?
1
Let a be (-7)/((-28)/200) + 4 + -2. Suppose -a = -i + 59. What is the tens digit of i?
1
Let l be 0*((-21)/(-6) + -4). Suppose -6*s + s = 2*q - 166, -4*s + q + 125 = l. What is the tens digit of s?
3
Suppose -3*t + 6 = -t. Suppose n - 2*j = -5*j + 88, 4*n - 3*j - 307 = 0. Suppose z = -4*c + 12 + 1, -4*c + n = t*z. What is the units digit of z?
3
What is the units digit of 24854/12 - ((-40)/(-10))/24?
1
Suppose 0*u = 4*u. Suppose -17 = -3*j - s, -5*j + u*s = -s - 23. Suppose -5*g = j*i - 170, -50 = -2*g - 0*g + 4*i. What is the units digit of g?
1
Suppose 3*d + 1 = 13. Let t = 9 + 0. Suppose -100 = -t*h + d*h. What is the tens digit of h?
2
Let j(g) be the first derivative of g**5/60 + g**4/2 + 2*g**3 + g**2/2 - 5. Let u(h) be the second derivative of j(h). What is the tens digit of u(-12)?
1
Let y(l) be the first derivative of l**3/3 + 3*l**2 - 4*l - 3. Let v be y(-5). Let m(r) = 2*r**2 + 14*r + 9. What is the units digit of m(v)?
5
Suppose 4*b + 4723 = 3*t + 14025, -4*t = b - 2335. What is the thousands digit of b?
2
Let i be (-1)/5*-1 + (-1876)/(-70). Let k be (-2*1)/(2/5). Let c = i - k. What is the tens digit of c?
3
Let c(b) be the first derivative of -b**3/3 - 9*b**2/2 + 9*b - 12. What is the tens digit of c(-7)?
2
Let j = -38 + 40. Let y(k) = 24*k**2 - k + 5. What is the units digit of y(j)?
9
Let u(p) = -p**3 - 45*p**2 - 84*p - 101. What is the hundreds digit of u(-45)?
6
What is the hundreds digit of (-1006)/(-3)*12/8?
5
Let o(k) = 7*k**2 - 26*k + 4. Let c(f) = 5*f**2 - 17*f + 3. Let y(j) = 8*c(j) - 5*o(j). What is the units digit of y(4)?
0
Let d be ((-2)/2)/(-4*(-8)/128). What is the units digit of 115/(-20) + 5 - 55/d?
3
Suppose 114*r = 3*b + 115*r - 8538, -b + 3*r + 2856 = 0. What is the thousands digit of b?
2
Suppose 3*l = 2*s + 723, -5*s - 23 = 5*l - 1228. What is the hundreds digit of l?
2
Let i = -20 + 0. Let m = 40 + i. What is the tens digit of 24*(m/(-8))/(-5)?
1
Suppose -1 = 4*n - 13. Suppose 7*p = n*p + 12. Let w(b) = 2*b - 2. What is the units digit of w(p)?
4
Let g be (2/3 - 1/(-3))*-4. What is the units digit of 87*(21/27 - g/18)?
7
Let t = -3216 + 5122. What is the hundreds digit of t?
9
Let c = 6062 - 3786. What is the units digit of c?
6
What is the units digit of 3/(-15) - 2055/(-25)?
2
Let j = 1433 + 1927. What is the units digit of j?
0
Let q be (-2)/9 + 88/(-9). Suppose -2*k - 15 = 33. What is the units digit of q/(-65) - k/13?
2
Suppose 439*f = 440*f - 3328. What is the tens digit of f?
2
Let p(s) = s + 7. Let q be p(-7). Let j(u) = u**3 + u**2 - u + 52. Let k be j(q). Let o = 88 - k. What is the units digit of o?
6
What is the units digit of (7/(196/2232))/(3/14)?
2
What is the units digit of -4 - (-747 + 2 + -7)?
8
Suppose -4*n = -5 - 7. Let l(x) = x**3 - 4*x**2 + 4*x + 1. Let p be l(n). Suppose u - 3*r - 17 = -r, -8 = p*r. What is the units digit of u?
3
Suppose -h + 3*h = 8. Suppose 7*r - h*r = -12. What is the tens digit of (3 - -24)/((-3)/r)?
3
Let o = -532 + 1145. What is the hundreds digit of o?
6
Let f(h) = -1175*h + 134. What is the hundreds digit of f(-2)?
4
Suppose -8*d - 7*d = -885. Suppose 50*f + 2088 = d*f. What is the hundreds digit of f?
2
Suppose 3*a + 4*w - 23 = 4*a, -5*a + 2*w - 25 = 0. Let f(t) = -2*t**3 - 5*t**2 - 4*t - 3. What is the tens digit of f(a)?
1
What is the tens digit of 6 + (-387 - (1 - 5))*-2?
7
Suppose -18*w - 4 = -20*w. Suppose w*z - z = 60. What is the units digit of z/25*(-160)/(-6)?
4
Let u = 826 - 397. Let j = u + -246. What is the hundreds digit of j?
1
Suppose -342*a + 190 = -337*a. What is the tens digit of a?
3
Let u be 0/(1 + -3) - -1. Let j(r) = 73*r - 25. Let z(m) = -37*m + 14. Let h(x) = 4*j(x) + 7*z(x). What is the tens digit of h(u)?
3
Suppose 0 = a + 3*q, -4*q = 4*a - 3*a. Let l = 5 + a. Suppose -k + 18 = l. What is the units digit of k?
3
Let f(u) = u**3 - 12*u**2 - 24*u - 48. What is the units digit of f(14)?
8
Suppose 0*y + 4224 = 3*y. What is the hundreds digit of y?
4
Let c = -85 + 85